{"id":37661,"date":"2025-08-06T15:46:44","date_gmt":"2025-08-06T13:46:44","guid":{"rendered":"https:\/\/deltabirdingfestival.com\/activity\/la-migracio-en-la-foscor-descobrint-el-potencial-del-nocmig\/"},"modified":"2025-08-08T11:38:54","modified_gmt":"2025-08-08T09:38:54","slug":"la-migracion-en-la-oscuridad-descubriendo-el-potencial-del-nocmig","status":"publish","type":"activity","link":"https:\/\/deltabirdingfestival.com\/es\/actividades\/la-migracion-en-la-oscuridad-descubriendo-el-potencial-del-nocmig\/","title":{"rendered":"La migraci\u00f3n en la oscuridad: Descubriendo el potencial del Nocmig"},"content":{"rendered":"<p><strong>Miquel Condom Tibau es un joven ornit\u00f3logo gerundense de 17 a\u00f1os. Su pasi\u00f3n por la naturaleza, y en especial por la ornitolog\u00eda, comenz\u00f3 cuando ten\u00eda 13 a\u00f1os, y desde entonces no ha dejado de explorar y aprender sobre este fascinante mundo. Ahora, con la vista puesta en comenzar la carrera de F\u00edsica, sigue implicado en este \u00e1mbito con la misma ilusi\u00f3n del primer d\u00eda.<\/strong><\/p>\r\n\r\n<p>Durante la charla hablar\u00e1 sobre la migraci\u00f3n de las aves, especialmente aquella que tiene lugar durante la noche, estudiada mediante una t\u00e9cnica llamada <em>Nocmig<\/em>. Miquel explicar\u00e1 en qu\u00e9 consiste esta metodolog\u00eda, c\u00f3mo funciona y qu\u00e9 tipo de informaci\u00f3n permite obtener. A diferencia de los m\u00e9todos cl\u00e1sicos, como el anillamiento o las observaciones visuales, el <em>Nocmig<\/em> se basa en la grabaci\u00f3n de los sonidos que emiten las aves mientras migran por la noche.<\/p>\r\n\r\n\r\n\r\n<p>Esta tem\u00e1tica proviene de su trabajo de investigaci\u00f3n, en el cual ha llevado a cabo un estudio aplicado de esta metodolog\u00eda, analizando las grabaciones nocturnas obtenidas durante la migraci\u00f3n y explorando su potencial. A lo largo del proyecto, el J\u00fanior contrast\u00f3 estos datos con observaciones visuales y otras fuentes, como <em>eBird<\/em> y <em>Trektellen<\/em>, para comprobar si el <em>Nocmig<\/em> puede complementar los m\u00e9todos diurnos y representar adecuadamente los patrones migratorios de una regi\u00f3n.<\/p>\r\n<p>&nbsp;<\/p>\r\n<p>\u00a0 <img loading=\"lazy\" decoding=\"async\" class=\"alignnone wp-image-37647\" src=\"https:\/\/deltabirdingfestival.com\/wp-content\/uploads\/2025\/08\/miquel-condom2.webp\" alt=\"\" width=\"500\" height=\"281\" \/> \u00a0 <img loading=\"lazy\" decoding=\"async\" class=\"alignnone wp-image-37644\" src=\"https:\/\/deltabirdingfestival.com\/wp-content\/uploads\/2025\/08\/miquel-condom3.webp\" alt=\"\" width=\"500\" height=\"281\" \/><\/p>","protected":false},"featured_media":37926,"template":"","meta":{"inline_featured_image":false,"footnotes":""},"daysactivities":[],"typesactivities":[],"class_list":["post-37661","activity","type-activity","status-publish","has-post-thumbnail","hentry"],"_links":{"self":[{"href":"https:\/\/deltabirdingfestival.com\/es\/wp-json\/wp\/v2\/activitats\/37661","targetHints":{"allow":["GET"]}}],"collection":[{"href":"https:\/\/deltabirdingfestival.com\/es\/wp-json\/wp\/v2\/activitats"}],"about":[{"href":"https:\/\/deltabirdingfestival.com\/es\/wp-json\/wp\/v2\/types\/activity"}],"version-history":[{"count":2,"href":"https:\/\/deltabirdingfestival.com\/es\/wp-json\/wp\/v2\/activitats\/37661\/revisions"}],"predecessor-version":[{"id":37671,"href":"https:\/\/deltabirdingfestival.com\/es\/wp-json\/wp\/v2\/activitats\/37661\/revisions\/37671"}],"wp:featuredmedia":[{"embeddable":true,"href":"https:\/\/deltabirdingfestival.com\/es\/wp-json\/wp\/v2\/media\/37926"}],"wp:attachment":[{"href":"https:\/\/deltabirdingfestival.com\/es\/wp-json\/wp\/v2\/media?parent=37661"}],"wp:term":[{"taxonomy":"daysactivities","embeddable":true,"href":"https:\/\/deltabirdingfestival.com\/es\/wp-json\/wp\/v2\/daysactivities?post=37661"},{"taxonomy":"typesactivities","embeddable":true,"href":"https:\/\/deltabirdingfestival.com\/es\/wp-json\/wp\/v2\/typesactivities?post=37661"}],"curies":[{"name":"wp","href":"https:\/\/api.w.org\/{rel}","templated":true}]}}

La migración en la oscuridad: Descubriendo el potencial del Nocmig

<p><strong>Miquel Condom Tibau es un joven ornitólogo gerundense de 17 años. Su pasión por la naturaleza, y en especial por la ornitología, comenzó cuando tenía 13 años, y desde entonces no ha dejado de explorar y aprender sobre este fascinante mundo. Ahora, con la vista puesta en comenzar la carrera de Física, sigue implicado en este ámbito con la misma ilusión del primer día.</strong></p>

<p>Durante la charla hablará sobre la migración de las aves, especialmente aquella que tiene lugar durante la noche, estudiada mediante una técnica llamada <em>Nocmig</em>. Miquel explicará en qué consiste esta metodología, cómo funciona y qué tipo de información permite obtener. A diferencia de los métodos clásicos, como el anillamiento o las observaciones visuales, el <em>Nocmig</em> se basa en la grabación de los sonidos que emiten las aves mientras migran por la noche.</p>



<p>Esta temática proviene de su trabajo de investigación, en el cual ha llevado a cabo un estudio aplicado de esta metodología, analizando las grabaciones nocturnas obtenidas durante la migración y explorando su potencial. A lo largo del proyecto, el Júnior contrastó estos datos con observaciones visuales y otras fuentes, como <em>eBird</em> y <em>Trektellen</em>, para comprobar si el <em>Nocmig</em> puede complementar los métodos diurnos y representar adecuadamente los patrones migratorios de una región.</p>
<p>&nbsp;</p>
<p>  <img loading="lazy" decoding="async" class="alignnone wp-image-37647" src="https://deltabirdingfestival.com/wp-content/uploads/2025/08/miquel-condom2.webp" alt="" width="500" height="281" />   <img loading="lazy" decoding="async" class="alignnone wp-image-37644" src="https://deltabirdingfestival.com/wp-content/uploads/2025/08/miquel-condom3.webp" alt="" width="500" height="281" /></p>
