{"id":38104,"date":"2025-08-12T15:30:53","date_gmt":"2025-08-12T13:30:53","guid":{"rendered":"https:\/\/deltabirdingfestival.com\/activity\/la-palma-debre-un-poble-que-abans-era-de-seca\/"},"modified":"2025-08-12T15:33:32","modified_gmt":"2025-08-12T13:33:32","slug":"la-palma-debre-un-pueblo-que-antes-era-de-secano","status":"publish","type":"activity","link":"https:\/\/deltabirdingfestival.com\/es\/actividades\/la-palma-debre-un-pueblo-que-antes-era-de-secano\/","title":{"rendered":"La Palma d&#8217;Ebre: un pueblo que antes era de secano"},"content":{"rendered":"\r\n<p><\/p>\r\n<p><strong>Ivet Franch Garcia es una joven ornit\u00f3loga de 17 a\u00f1os, que acaba de finalizar segundo de bachillerato. Se describe como una persona curiosa e interesada en la historia local.<\/strong><\/p>\r\n<p>\r\n\r\n<\/p>\r\n<p>En su charla nos presentar\u00e1 su trabajo de investigaci\u00f3n, que tiene como objetivo estudiar el cambio en las especies de aves a ra\u00edz de la creaci\u00f3n del embalse de Palma d\u2019Ebre.<\/p>\r\n<p>\r\n\r\n<\/p>\r\n<p>Durante el estudio ha analizado qu\u00e9 especies ornitol\u00f3gicas hab\u00eda antes y cu\u00e1les hay actualmente. La parte pr\u00e1ctica del trabajo ha consistido en la elaboraci\u00f3n de un proyecto para instalar observatorios de aves en la zona del embalse (que ya ha sido presentado al ayuntamiento), con la intenci\u00f3n de fomentar la conservaci\u00f3n, la biodiversidad y el turismo sostenible. Esta investigaci\u00f3n combina testimonios locales, ciencia ambiental y propuestas para el futuro del territorio.<\/p>\r\n<p><\/p>\r\n\r\n<img loading=\"lazy\" decoding=\"async\" class=\"alignnone  wp-image-38096\" src=\"https:\/\/deltabirdingfestival.com\/wp-content\/uploads\/2025\/08\/ivet-franch-3.webp\" alt=\"\" width=\"500\" height=\"281\" \/> \u00a0 <img loading=\"lazy\" decoding=\"async\" class=\"alignnone wp-image-38099\" src=\"https:\/\/deltabirdingfestival.com\/wp-content\/uploads\/2025\/08\/ivet-franch-2.webp\" alt=\"\" width=\"500\" height=\"281\" \/>","protected":false},"featured_media":38089,"template":"","meta":{"inline_featured_image":false,"footnotes":""},"daysactivities":[],"typesactivities":[],"class_list":["post-38104","activity","type-activity","status-publish","has-post-thumbnail","hentry"],"_links":{"self":[{"href":"https:\/\/deltabirdingfestival.com\/es\/wp-json\/wp\/v2\/activitats\/38104","targetHints":{"allow":["GET"]}}],"collection":[{"href":"https:\/\/deltabirdingfestival.com\/es\/wp-json\/wp\/v2\/activitats"}],"about":[{"href":"https:\/\/deltabirdingfestival.com\/es\/wp-json\/wp\/v2\/types\/activity"}],"version-history":[{"count":1,"href":"https:\/\/deltabirdingfestival.com\/es\/wp-json\/wp\/v2\/activitats\/38104\/revisions"}],"predecessor-version":[{"id":38108,"href":"https:\/\/deltabirdingfestival.com\/es\/wp-json\/wp\/v2\/activitats\/38104\/revisions\/38108"}],"wp:featuredmedia":[{"embeddable":true,"href":"https:\/\/deltabirdingfestival.com\/es\/wp-json\/wp\/v2\/media\/38089"}],"wp:attachment":[{"href":"https:\/\/deltabirdingfestival.com\/es\/wp-json\/wp\/v2\/media?parent=38104"}],"wp:term":[{"taxonomy":"daysactivities","embeddable":true,"href":"https:\/\/deltabirdingfestival.com\/es\/wp-json\/wp\/v2\/daysactivities?post=38104"},{"taxonomy":"typesactivities","embeddable":true,"href":"https:\/\/deltabirdingfestival.com\/es\/wp-json\/wp\/v2\/typesactivities?post=38104"}],"curies":[{"name":"wp","href":"https:\/\/api.w.org\/{rel}","templated":true}]}}

<p></p>
<p><strong>Ivet Franch Garcia es una joven ornitóloga de 17 años, que acaba de finalizar segundo de bachillerato. Se describe como una persona curiosa e interesada en la historia local.</strong></p>
<p>

</p>
<p>En su charla nos presentará su trabajo de investigación, que tiene como objetivo estudiar el cambio en las especies de aves a raíz de la creación del embalse de Palma d’Ebre.</p>
<p>

</p>
<p>Durante el estudio ha analizado qué especies ornitológicas había antes y cuáles hay actualmente. La parte práctica del trabajo ha consistido en la elaboración de un proyecto para instalar observatorios de aves en la zona del embalse (que ya ha sido presentado al ayuntamiento), con la intención de fomentar la conservación, la biodiversidad y el turismo sostenible. Esta investigación combina testimonios locales, ciencia ambiental y propuestas para el futuro del territorio.</p>
<p></p>

<img loading="lazy" decoding="async" class="alignnone  wp-image-38096" src="https://deltabirdingfestival.com/wp-content/uploads/2025/08/ivet-franch-3.webp" alt="" width="500" height="281" />   <img loading="lazy" decoding="async" class="alignnone wp-image-38099" src="https://deltabirdingfestival.com/wp-content/uploads/2025/08/ivet-franch-2.webp" alt="" width="500" height="281" />
