{"id":41876,"date":"2026-07-13T15:57:32","date_gmt":"2026-07-13T13:57:32","guid":{"rendered":"https:\/\/deltabirdingfestival.com\/activity\/dels-moduls-integrats-de-biodiversitat-mibs-als-plans-de-recuperacio-i-conservacio-del-litoral-especies-psammofiles-i-de-roquissar\/"},"modified":"2026-09-04T09:21:28","modified_gmt":"2026-09-04T07:21:28","slug":"marc-vilahur-impulsant-les-politiques-de-conservacio-de-la-biodiversitat-a-catalunya-un-breu-estat-de-la-questio-i-properes-fites","status":"publish","type":"activity","link":"https:\/\/deltabirdingfestival.com\/es\/actividades\/marc-vilahur-impulsant-les-politiques-de-conservacio-de-la-biodiversitat-a-catalunya-un-breu-estat-de-la-questio-i-properes-fites\/","title":{"rendered":"Conferencia inaugural &#8211; Marc Vilahur &#8211; Impulsant les pol\u00edtiques de conservaci\u00f3 de la biodiversitat a Catalunya: un breu estat de la q\u00fcesti\u00f3 i properes fites"},"content":{"rendered":"<div class=\"qMYqUG_convSearchResultHighlightRoot\">\n<div class=\"\" data-turn-id-container=\"request-WEB:f5f16e8a-9ced-43a5-8c81-fe7c18bbb613-2\" data-is-intersecting=\"true\">\n<section class=\"text-token-text-primary w-full focus:outline-none has-data-writing-block:pointer-events-none [&amp;:has([data-writing-block])&gt;*]:pointer-events-auto R6Vx5W_threadScrollVars scroll-mb-[calc(var(--scroll-root-safe-area-inset-bottom,0px)+var(--thread-response-height))] scroll-mt-[calc(var(--header-height)+min(200px,max(70px,20svh)))]\" dir=\"auto\" data-turn-id=\"request-WEB:f5f16e8a-9ced-43a5-8c81-fe7c18bbb613-2\" data-turn-id-container=\"request-WEB:f5f16e8a-9ced-43a5-8c81-fe7c18bbb613-2\" data-testid=\"conversation-turn-6\" data-turn=\"assistant\">\n<div class=\"text-base my-auto mx-auto pb-10 [--thread-content-margin:var(--thread-content-margin-xs,calc(var(--spacing)*4))] @w-sm\/main:[--thread-content-margin:var(--thread-content-margin-sm,calc(var(--spacing)*6))] @w-lg\/main:[--thread-content-margin:var(--thread-content-margin-lg,calc(var(--spacing)*16))] px-(--thread-content-margin)\">\n<div class=\"[--thread-content-max-width:40rem] @w-lg\/main:[--thread-content-max-width:48rem] mx-auto max-w-(--thread-content-max-width) flex-1 group\/turn-messages focus-visible:outline-hidden relative flex w-full min-w-0 flex-col agent-turn\" data-conversation-screenshot-content=\"\">\n<div class=\"flex max-w-full flex-col gap-4 grow\">\n<div class=\"min-h-8 text-message relative flex w-full flex-col items-end gap-2 text-start break-words whitespace-normal outline-none keyboard-focused:focus-ring [.text-message+&amp;]:mt-1\" dir=\"auto\" tabindex=\"0\" data-message-author-role=\"assistant\" data-message-id=\"f5bfeaf7-b087-4a12-8854-19e73efea250\" data-message-model-slug=\"gpt-5-5\" data-turn-start-message=\"true\">\n<div class=\"flex w-full flex-col gap-1 empty:hidden\">\n<div class=\"streaming-animation markdown prose dark:prose-invert wrap-break-word w-full light markdown-new-styling\">\n<p>Marc Vilahur es el director general de Pol\u00edticas Ambientales y Medio Natural, e inaugurar\u00e1 el Delta Birding Festival con esta primera conferencia, organizada por la Generalitat de Catalunya.<\/p>\n<img loading=\"lazy\" decoding=\"async\" class=\"alignnone wp-image-44008\" src=\"https:\/\/deltabirdingfestival.com\/wp-content\/uploads\/2026\/07\/Marc_Vilahur-621x720.png\" alt=\"\" width=\"231\" height=\"268\" \/>\n<p>Durante los \u00faltimos a\u00f1os, las pol\u00edticas de conservaci\u00f3n de la biodiversidad de la Generalitat de Catalunya se han transformado con el objetivo de afrontar los grandes retos relacionados con la protecci\u00f3n de especies, h\u00e1bitats y procesos ecol\u00f3gicos, y garantizar su buen estado de conservaci\u00f3n. En esta ponencia se expondr\u00e1 este cambio de enfoque, as\u00ed como los m\u00e9todos y herramientas empleados para impulsar esta transformaci\u00f3n. Tambi\u00e9n se presentar\u00e1n los pr\u00f3ximos Planes de Recuperaci\u00f3n y Conservaci\u00f3n de Catalunya.<\/p>\n<\/div>\n<\/div>\n<\/div>\n<\/div>\n<\/div>\n<\/div>\n<\/section>\n<\/div>\n<\/div>\n<div class=\"pointer-events-none -mt-px h-px translate-y-(--scroll-root-safe-area-inset-bottom)\" aria-hidden=\"true\"><\/div>\n","protected":false},"featured_media":41899,"template":"","meta":{"inline_featured_image":false,"footnotes":""},"any":[300],"daysactivities":[48],"locationactivities":[292],"typesactivities":[35,268],"class_list":["post-41876","activity","type-activity","status-publish","has-post-thumbnail","hentry","any-2026-es","daysactivities-viernes","locationactivities-interior","typesactivities-conferencias-presentaciones-entrevistas","typesactivities-todas-las-actividades-es"],"_links":{"self":[{"href":"https:\/\/deltabirdingfestival.com\/es\/wp-json\/wp\/v2\/activitats\/41876","targetHints":{"allow":["GET"]}}],"collection":[{"href":"https:\/\/deltabirdingfestival.com\/es\/wp-json\/wp\/v2\/activitats"}],"about":[{"href":"https:\/\/deltabirdingfestival.com\/es\/wp-json\/wp\/v2\/types\/activity"}],"version-history":[{"count":1,"href":"https:\/\/deltabirdingfestival.com\/es\/wp-json\/wp\/v2\/activitats\/41876\/revisions"}],"predecessor-version":[{"id":44011,"href":"https:\/\/deltabirdingfestival.com\/es\/wp-json\/wp\/v2\/activitats\/41876\/revisions\/44011"}],"wp:featuredmedia":[{"embeddable":true,"href":"https:\/\/deltabirdingfestival.com\/es\/wp-json\/wp\/v2\/media\/41899"}],"wp:attachment":[{"href":"https:\/\/deltabirdingfestival.com\/es\/wp-json\/wp\/v2\/media?parent=41876"}],"wp:term":[{"taxonomy":"any","embeddable":true,"href":"https:\/\/deltabirdingfestival.com\/es\/wp-json\/wp\/v2\/any?post=41876"},{"taxonomy":"daysactivities","embeddable":true,"href":"https:\/\/deltabirdingfestival.com\/es\/wp-json\/wp\/v2\/daysactivities?post=41876"},{"taxonomy":"locationactivities","embeddable":true,"href":"https:\/\/deltabirdingfestival.com\/es\/wp-json\/wp\/v2\/locationactivities?post=41876"},{"taxonomy":"typesactivities","embeddable":true,"href":"https:\/\/deltabirdingfestival.com\/es\/wp-json\/wp\/v2\/typesactivities?post=41876"}],"curies":[{"name":"wp","href":"https:\/\/api.w.org\/{rel}","templated":true}]}}

Conferencia inaugural &#8211; Marc Vilahur &#8211; Impulsant les polítiques de conservació de la biodiversitat a Catalunya: un breu estat de la qüestió i properes fites

<div class="qMYqUG_convSearchResultHighlightRoot">
<div class="" data-turn-id-container="request-WEB:f5f16e8a-9ced-43a5-8c81-fe7c18bbb613-2" data-is-intersecting="true">
<section class="text-token-text-primary w-full focus:outline-none has-data-writing-block:pointer-events-none [&amp;:has([data-writing-block])&gt;*]:pointer-events-auto R6Vx5W_threadScrollVars scroll-mb-[calc(var(--scroll-root-safe-area-inset-bottom,0px)+var(--thread-response-height))] scroll-mt-[calc(var(--header-height)+min(200px,max(70px,20svh)))]" dir="auto" data-turn-id="request-WEB:f5f16e8a-9ced-43a5-8c81-fe7c18bbb613-2" data-turn-id-container="request-WEB:f5f16e8a-9ced-43a5-8c81-fe7c18bbb613-2" data-testid="conversation-turn-6" data-turn="assistant">
<div class="text-base my-auto mx-auto pb-10 [--thread-content-margin:var(--thread-content-margin-xs,calc(var(--spacing)*4))] @w-sm/main:[--thread-content-margin:var(--thread-content-margin-sm,calc(var(--spacing)*6))] @w-lg/main:[--thread-content-margin:var(--thread-content-margin-lg,calc(var(--spacing)*16))] px-(--thread-content-margin)">
<div class="[--thread-content-max-width:40rem] @w-lg/main:[--thread-content-max-width:48rem] mx-auto max-w-(--thread-content-max-width) flex-1 group/turn-messages focus-visible:outline-hidden relative flex w-full min-w-0 flex-col agent-turn" data-conversation-screenshot-content="">
<div class="flex max-w-full flex-col gap-4 grow">
<div class="min-h-8 text-message relative flex w-full flex-col items-end gap-2 text-start break-words whitespace-normal outline-none keyboard-focused:focus-ring [.text-message+&amp;]:mt-1" dir="auto" tabindex="0" data-message-author-role="assistant" data-message-id="f5bfeaf7-b087-4a12-8854-19e73efea250" data-message-model-slug="gpt-5-5" data-turn-start-message="true">
<div class="flex w-full flex-col gap-1 empty:hidden">
<div class="streaming-animation markdown prose dark:prose-invert wrap-break-word w-full light markdown-new-styling">
<p>Marc Vilahur es el director general de Políticas Ambientales y Medio Natural, e inaugurará el Delta Birding Festival con esta primera conferencia, organizada por la Generalitat de Catalunya.</p>
<img loading="lazy" decoding="async" class="alignnone wp-image-44008" src="https://deltabirdingfestival.com/wp-content/uploads/2026/07/Marc_Vilahur-621x720.png" alt="" width="231" height="268" />
<p>Durante los últimos años, las políticas de conservación de la biodiversidad de la Generalitat de Catalunya se han transformado con el objetivo de afrontar los grandes retos relacionados con la protección de especies, hábitats y procesos ecológicos, y garantizar su buen estado de conservación. En esta ponencia se expondrá este cambio de enfoque, así como los métodos y herramientas empleados para impulsar esta transformación. También se presentarán los próximos Planes de Recuperación y Conservación de Catalunya.</p>
</div>
</div>
</div>
</div>
</div>
</div>
</section>
</div>
</div>
<div class="pointer-events-none -mt-px h-px translate-y-(--scroll-root-safe-area-inset-bottom)" aria-hidden="true"></div>
