{"id":42330,"date":"2026-07-21T11:31:34","date_gmt":"2026-07-21T09:31:34","guid":{"rendered":"https:\/\/deltabirdingfestival.com\/activity\/conservem-les-aligues-del-priorat-presentacio-i-estrena-de-laliga-un-vi-pels-ocells-i-la-natura\/"},"modified":"2026-08-17T10:56:34","modified_gmt":"2026-08-17T08:56:34","slug":"conservem-les-aligues-del-priorat-presentacio-i-estrena-de-laliga-un-vi-pels-ocells-i-la-natura","status":"publish","type":"activity","link":"https:\/\/deltabirdingfestival.com\/es\/actividades\/conservem-les-aligues-del-priorat-presentacio-i-estrena-de-laliga-un-vi-pels-ocells-i-la-natura\/","title":{"rendered":"Conservem les \u00e0ligues del Priorat (presentaci\u00f3 i estrena de \u00abL\u2019\u00c1liga\u00bb, un vi pels ocells i la natura)"},"content":{"rendered":"\r\n<p class=\"wp-block-paragraph\">Este acto combinar\u00e1 la presentaci\u00f3n de un programa de conservaci\u00f3n del \u00e1guila perdicera con el estreno del vino <strong>\u00ab<\/strong>L\u2019\u00c1liga<strong>\u00bb<\/strong>, que destinar\u00e1 una parte de sus beneficios a este proyecto.<\/p>\r\n<img loading=\"lazy\" decoding=\"async\" class=\"alignnone  wp-image-43361\" src=\"https:\/\/deltabirdingfestival.com\/wp-content\/uploads\/2026\/07\/laliga-ampolla.webp\" alt=\"\" width=\"498\" height=\"280\" \/>\r\n\r\n\r\n\r\n<p class=\"wp-block-paragraph\">Gerard Rocamora, doctor en Ecolog\u00eda y ornit\u00f3logo, adem\u00e1s de propietario de vi\u00f1edos en el Priorat, realizar\u00e1 una breve presentaci\u00f3n del acto. Joan-Carles Abella, de la asociaci\u00f3n Som Aguait, presentar\u00e1 el proyecto de conservaci\u00f3n de las \u00e1guilas, y Miquel Torres, de Familia Torres, mostrar\u00e1 otros ejemplos de c\u00f3mo el mundo de la viticultura y el vino puede contribuir a la preservaci\u00f3n de las aves y de la naturaleza. El profesor Joan Real, de la Universidad de Barcelona, explicar\u00e1 la situaci\u00f3n de la especie en Catalu\u00f1a y las principales amenazas que la afectan. Por su parte, Jordi Vidal, viticultor y cofundador de la bodega La Conreria, explicar\u00e1 las caracter\u00edsticas de los vi\u00f1edos de Cal Sambori (propiedad de la familia Rocamora) y el proceso de elaboraci\u00f3n del vino \u00abL\u2019\u00c1liga\u00bb. La clausura del acto correr\u00e1 a cargo de Jordi Sargatal, secretario de Transici\u00f3n Ecol\u00f3gica de la Generalitat de Catalunya.<\/p>\r\n<img loading=\"lazy\" decoding=\"async\" class=\"alignnone wp-image-42319\" src=\"https:\/\/deltabirdingfestival.com\/wp-content\/uploads\/2026\/07\/GERARD-ROCAMORA.webp\" alt=\"\" width=\"505\" height=\"284\" \/>\r\n<p>Tras un turno de preguntas, se ofrecer\u00e1 una cata del vino y quienes deseen participar en el proyecto de conservaci\u00f3n de las \u00e1guilas podr\u00e1n adquirir una botella. Encontrar\u00e1n su estand en la zona B de la feria de expositores.<\/p>\r\n<img loading=\"lazy\" decoding=\"async\" class=\"alignnone  wp-image-42316\" src=\"https:\/\/deltabirdingfestival.com\/wp-content\/uploads\/2026\/07\/gerard-rocamora1.webp\" alt=\"\" width=\"500\" height=\"281\" \/>\r\n<p>Fotograf\u00eda de portada: Edgar Celada \/ Som Aguait<\/p>\r\n<p>Ilustraci\u00f3n del paisaje y cabeza del \u00e1guila perdicera de la etiqueta del vino: Blanca Mart\u00ed<\/p>\r\n","protected":false},"featured_media":42511,"template":"","meta":{"inline_featured_image":false,"footnotes":""},"any":[300],"daysactivities":[288,50],"locationactivities":[292],"typesactivities":[35,268],"class_list":["post-42330","activity","type-activity","status-publish","has-post-thumbnail","hentry","any-2026-es","daysactivities-sabado","daysactivities-sabado-tarde","locationactivities-interior","typesactivities-conferencias-presentaciones-entrevistas","typesactivities-todas-las-actividades-es"],"_links":{"self":[{"href":"https:\/\/deltabirdingfestival.com\/es\/wp-json\/wp\/v2\/activitats\/42330","targetHints":{"allow":["GET"]}}],"collection":[{"href":"https:\/\/deltabirdingfestival.com\/es\/wp-json\/wp\/v2\/activitats"}],"about":[{"href":"https:\/\/deltabirdingfestival.com\/es\/wp-json\/wp\/v2\/types\/activity"}],"version-history":[{"count":1,"href":"https:\/\/deltabirdingfestival.com\/es\/wp-json\/wp\/v2\/activitats\/42330\/revisions"}],"predecessor-version":[{"id":43365,"href":"https:\/\/deltabirdingfestival.com\/es\/wp-json\/wp\/v2\/activitats\/42330\/revisions\/43365"}],"wp:featuredmedia":[{"embeddable":true,"href":"https:\/\/deltabirdingfestival.com\/es\/wp-json\/wp\/v2\/media\/42511"}],"wp:attachment":[{"href":"https:\/\/deltabirdingfestival.com\/es\/wp-json\/wp\/v2\/media?parent=42330"}],"wp:term":[{"taxonomy":"any","embeddable":true,"href":"https:\/\/deltabirdingfestival.com\/es\/wp-json\/wp\/v2\/any?post=42330"},{"taxonomy":"daysactivities","embeddable":true,"href":"https:\/\/deltabirdingfestival.com\/es\/wp-json\/wp\/v2\/daysactivities?post=42330"},{"taxonomy":"locationactivities","embeddable":true,"href":"https:\/\/deltabirdingfestival.com\/es\/wp-json\/wp\/v2\/locationactivities?post=42330"},{"taxonomy":"typesactivities","embeddable":true,"href":"https:\/\/deltabirdingfestival.com\/es\/wp-json\/wp\/v2\/typesactivities?post=42330"}],"curies":[{"name":"wp","href":"https:\/\/api.w.org\/{rel}","templated":true}]}}

Conservem les àligues del Priorat (presentació i estrena de «L’Áliga», un vi pels ocells i la natura)

<p class="wp-block-paragraph">Este acto combinará la presentación de un programa de conservación del águila perdicera con el estreno del vino <strong>«</strong>L’Áliga<strong>»</strong>, que destinará una parte de sus beneficios a este proyecto.</p>
<img loading="lazy" decoding="async" class="alignnone  wp-image-43361" src="https://deltabirdingfestival.com/wp-content/uploads/2026/07/laliga-ampolla.webp" alt="" width="498" height="280" />



<p class="wp-block-paragraph">Gerard Rocamora, doctor en Ecología y ornitólogo, además de propietario de viñedos en el Priorat, realizará una breve presentación del acto. Joan-Carles Abella, de la asociación Som Aguait, presentará el proyecto de conservación de las águilas, y Miquel Torres, de Familia Torres, mostrará otros ejemplos de cómo el mundo de la viticultura y el vino puede contribuir a la preservación de las aves y de la naturaleza. El profesor Joan Real, de la Universidad de Barcelona, explicará la situación de la especie en Cataluña y las principales amenazas que la afectan. Por su parte, Jordi Vidal, viticultor y cofundador de la bodega La Conreria, explicará las características de los viñedos de Cal Sambori (propiedad de la familia Rocamora) y el proceso de elaboración del vino «L’Áliga». La clausura del acto correrá a cargo de Jordi Sargatal, secretario de Transición Ecológica de la Generalitat de Catalunya.</p>
<img loading="lazy" decoding="async" class="alignnone wp-image-42319" src="https://deltabirdingfestival.com/wp-content/uploads/2026/07/GERARD-ROCAMORA.webp" alt="" width="505" height="284" />
<p>Tras un turno de preguntas, se ofrecerá una cata del vino y quienes deseen participar en el proyecto de conservación de las águilas podrán adquirir una botella. Encontrarán su estand en la zona B de la feria de expositores.</p>
<img loading="lazy" decoding="async" class="alignnone  wp-image-42316" src="https://deltabirdingfestival.com/wp-content/uploads/2026/07/gerard-rocamora1.webp" alt="" width="500" height="281" />
<p>Fotografía de portada: Edgar Celada / Som Aguait</p>
<p>Ilustración del paisaje y cabeza del águila perdicera de la etiqueta del vino: Blanca Martí</p>
